False
Is 11 a factor of 35507582?
True
Is 417 a factor of 139404804?
False
Is 79 a factor of 229433143?
True
Is 64 a factor of 68622208?
True
Is 6 a factor of 71715996?
True
Does 111 divide 28965228?
True
Does 21 divide 411143460?
True
Does 343 divide 32979915?
False
Is 294 a factor of 58979711?
False
Is 11722590 a multiple of 18?
True
Is 23732450 a multiple of 50?
True
Is 403358798 a multiple of 51?
False
Is 342 a factor of 1380620142?
True
Does 663 divide 81922932?
True
Does 796 divide 609970024?
True
Does 585 divide 738855?
True
Is 6 a factor of 32242770?
True
Is 4274 a factor of 113983306?
True
Does 17 divide 1831307983?
True
Is 1593335328 a multiple of 96?
True
Is 49552075 a multiple of 1894?
False
Is 26797026 a multiple of 582?
True
Is 48166560 a multiple of 3744?
True
Is 7046 a factor of 103380344?
False
Is 49 a factor of 85213147?
False
Is 2977 a factor of 678646501?
False
Is 1495002 a multiple of 6?
True
Does 33 divide 3595379?
False
Is 156 a factor of 16428360?
True
Is 9 a factor of 99630053?
False
Is 26 a factor of 337481898?
True
Does 28 divide 502955883?
False
Does 442 divide 94379376?
True
Is 178555796 a multiple of 6?
False
Does 422 divide 16223790?
True
Is 78 a factor of 662330760?
True
Does 42 divide 572103546?
True
Is 2622524970 a multiple of 234?
False
Is 673496505 a multiple of 27?
True
Does 20 divide 21396392?
False
Is 15370212 a multiple of 13?
True
Is 8861370 a multiple of 1325?
False
Is 621 a factor of 6513669?
True
Does 3 divide 6207256?
False
Is 66 a factor of 2411379132?
False
Does 71 divide 813211209?
True
Is 1636406226 a multiple of 546?
True
Is 325 a factor of 432808675?
True
Is 516013 a multiple of 212?
False
Is 42492341 a multiple of 121?
False
Is 1479800 a multiple of 151?
True
Is 13 a factor of 12317646?
False
Does 129 divide 951937053?
True
Does 175 divide 2843575?
True
Is 28994490 a multiple of 2898?
True
Is 41 a factor of 605180787?
True
Does 59 divide 623858153?
True
Does 8724 divide 308356555?
False
Is 3011039940 a multiple of 20?
True
Does 3810 divide 4535759280?
True
Is 2479 a factor of 381494189?
False
Is 1576 a factor of 338368867?
False
Does 8 divide 225898703?
False
Does 5 divide 11396305?
True
Does 881 divide 182603999?
False
Does 17 divide 81214797?
True
Is 755 a factor of 374662710?
True
Does 2 divide 103159771?
False
Is 1107 a factor of 51927428?
False
Is 291132 a multiple of 3?
True
Is 75 a factor of 163447155?
False
Is 702792931 a multiple of 52?
False
Does 6 divide 130572587?
False
Is 359 a factor of 38772743?
False
Is 62 a factor of 1052881351?
False
Does 76 divide 242802520?
True
Is 207213814 a multiple of 34?
False
Does 94 divide 4649420?
False
Is 203 a factor of 2287207380?
False
Is 6828360 a multiple of 60?
True
Is 523572970 a multiple of 87?
False
Is 396152916 a multiple of 3541?
True
Is 143514318 a multiple of 20?
False
Is 5142 a factor of 1099844733?
False
Is 5659815084 a multiple of 77?
True
Does 2321 divide 1029964639?
True
Is 143 a factor of 166860475?
False
Is 1327152113 a multiple of 329?
True
Is 184006277 a multiple of 7?
True
Is 284 a factor of 13039860?
True
Is 213 a factor of 457722942?
True
Is 26 a factor of 546379912?
True
Does 125 divide 12527130?
False
Does 43 divide 28790994?
True
Is 25861304 a multiple of 20?
False
Does 50 divide 1380918100?
True
Is 68371454 a multiple of 175?
False
Is 51 a factor of 180051462?
False
Is 87 a factor of 1489915977?
True
Does 7 divide 85834623?
True
Is 2452426 a multiple of 215?
False
Does 8 divide 7729201?
False
Is 3063 a factor of 1546303137?
False
Is 145506218 a multiple of 580?
False
Is 18 a factor of 231018282?
True
Does 10 divide 1917320?
True
Is 4212 a factor of 905903760?
False
Is 7 a factor of 70324912?
True
Is 533964380 a multiple of 2972?
True
Does 1887 divide 17109429?
True
Does 2331 divide 47021985?
False
Does 4474 divide 270417508?
True
Does 7 divide 1835131816?
True
Is 26204423 a multiple of 50?
False
Is 539 a factor of 128284478?
False
Does 55 divide 228250550?
True
Is 17271928 a multiple of 39?
False
Is 424 a factor of 10153318?
False
Is 549467100 a multiple of 1820?
True
Does 69 divide 2135728228?
False
Is 21758553 a multiple of 935?
False
Does 14322 divide 4424270882?
False
Is 1046861120 a multiple of 80?
True
Does 13 divide 136972004?
True
Does 88 divide 9329760?
True
Does 565 divide 55673947?
False
Is 3926158289 a multiple of 440?
False
Is 629831196 a multiple of 2213?
False
Is 21290430 a multiple of 15?
True
Is 1542778794 a multiple of 303?
False
Does 222 divide 72678814?
False
Is 30 a factor of 627338822?
False
Is 38 a factor of 2536770?
False
Is 641586 a multiple of 62?
False
Does 440 divide 1304789707?
False
Is 2549 a factor of 27152529?
False
Is 17 a factor of 272760711?
False
Does 79 divide 7169360?
False
Is 70501864 a multiple of 8?
True
Is 821 a factor of 39572536?
False
Is 748 a factor of 70358739?
False
Does 5 divide 12926654?
False
Does 6 divide 12437100?
True
Is 1990 a factor of 6087410?
True
Does 75 divide 12596775?
True
Is 95634780 a multiple of 20?
True
Is 8833020 a multiple of 7?
True
Does 10 divide 1880064850?
True
Is 81128996 a multiple of 41?
True
Is 1208675252 a multiple of 37?
False
Is 68 a factor of 1347267544?
True
Does 13 divide 425076483?
True
Is 255808735 a multiple of 1749?
False
Is 93776136 a multiple of 8?
True
Is 694455606 a multiple of 27?
True
Is 32 a factor of 725009469?
False
Does 146 divide 885427220?
True
Is 888852755 a multiple of 145?
True
Is 177 a factor of 49740717?
True
Does 202 divide 20409474?
True
Is 113 a factor of 29787930?
True
Is 1926203124 a multiple of 82?
True
Does 954 divide 1342318834?
False
Does 10 divide 95954540?
True
Does 4 divide 47804690?
False
Is 897616170 a multiple of 33?
True
Is 32 a factor of 163536384?
True
Does 781 divide 793327953?
False
Is 136731863 a multiple of 42?
False
Is 30709260 a multiple of 522?
True
Is 56447804 a multiple of 536?
False
Is 167404095 a multiple of 2?
False
Is 1299 a factor of 813985875?
True
Is 3924686675 a multiple of 6041?
True
Is 214 a factor of 3595721732?
True
Does 2 divide 2125292?
True
Is 3087560659 a multiple of 14?
False
Does 1662 divide 337477410?
True
Does 602 divide 14189742?
True
Is 29 a factor of 573388904?
False
Is 102 a factor of 26113938?
True
Does 30 divide 2223172079?
False
Is 711680374 a multiple of 658?
False
Is 6419140 a multiple of 189?
False
Does 3014 divide 1089066704?
True
Is 224716730 a multiple of 70?
True
Is 15 a factor of 7689776871?
False
Is 41631455 a multiple of 26?
False
Does 3 divide 4629885?
True
Does 996 divide 18752589?
False
Is 60314770 a multiple of 13?
False
Is 5 a factor of 211554762?
False
Does 11 divide 61655846?
False
Is 29 a factor of 32698312?
True
Does 1622 divide 463797924?
True
Does 6376 divide 172642952?
True
Is 6 a factor of 79475304?
True
Does 10 divide 3785020?
True
Is 16 a factor of 1548416?
True
Does 611 divide 328383172?
True
Does 17 divide 34604164?
False
Is 9 a factor of 356802?
False
Does 1167 divide 64111686?
False
Does 3 divide 175647938?
False
Does 755 divide 221548241?
False
Is 476297236 a multiple of 44?
False
Is 2617000080 a multiple of 1241?
False
Is 40 a factor of 1273200993?
False
Does 8 divide 391045280?
True
Does 477 divide 50228100?
True
Does 53 divide 331296394?
False
Does 139 divide 828857278?
True
Is 187 a factor of 74544235?
False
Does 99 divide 12140052?
False
Does 1375 divide 20676084?
False
Does 386 divide 70820964?
True
Is 20939247 a multiple of 1413?
True
Is 20844200 a multiple of 65?
True
Is 48 a factor of 6872592?
True
Is 229976601 a multiple of 486?
False
Is 284757264 a multiple of 29?
True
Is 54436318 a multiple of 2347?
True
Is 212 a factor of 129775800?
True
Is 24993154 a multiple of 5?
False
Is 3836985554 a multiple of 102?
False
Is 53 a factor of 1431148718?
True
Does 3111 divide 445846743?
True
Is 66934325 a multiple of 25?
True
Is 325492452 a multiple of 307?
True
Is 332 a factor of 50635007?
False
Does 71 divide 2085420946?
True
Is 349 a factor of 26762195?
False
Does 7839 divide 613665869?
False
Does 41 divide 48939193?
False
Does 24 divide 63766595?
False
Does 4 divide 5444831?
False
Is 35831374 a multiple of 76?
False
Is 14 a factor of 748971793?
False
Does 4 divide 7817058?
False
Does 42 divide 160760780?
False
Is 99431136 a mult